{"id":167,"date":"2013-06-13T09:40:31","date_gmt":"2013-06-13T09:40:31","guid":{"rendered":"http:\/\/www.alfredoseca.st\/?page_id=167"},"modified":"2013-11-04T16:15:15","modified_gmt":"2013-11-04T16:15:15","slug":"contactos","status":"publish","type":"page","link":"http:\/\/www.alfredoseca.st\/?page_id=167","title":{"rendered":"Contactos"},"content":{"rendered":"<p>==PESSOAL==<\/p>\n<p>Bairro de Ch\u00e1cara, 063<br \/>\nDistrito de \u00c1gua Grande &#8211; S\u00e3o Tom\u00e9<br \/>\nTelem: +239 9926352<br \/>\nE-mail: <a href=\"alfredoseca@hotmail.com\"><br \/>\n<\/a>Webpage: www.alfredoseca.st<\/p>\n<p>==PROFISSIONAL==<\/p>\n<p>Banco Central de S\u00e3o Tom\u00e9 e Pr\u00edncipe<br \/>\nPra\u00e7a de Independ\u00eancia, 13<br \/>\nTelef: +239 2243700<br \/>\nE-mail: <a href=\"alfredoseca@bcstp.st\"><br \/>\n<\/a>Webpage: www.bcstp.st<br \/>\nS\u00e3o Tom\u00e9<\/p>\n","protected":false},"excerpt":{"rendered":"<p>==PESSOAL== Bairro de Ch\u00e1cara, 063 Distrito de \u00c1gua Grande &#8211; S\u00e3o Tom\u00e9 Telem: +239 9926352 E-mail: Webpage: www.alfredoseca.st ==PROFISSIONAL== Banco Central de S\u00e3o Tom\u00e9 e Pr\u00edncipe Pra\u00e7a de Independ\u00eancia, 13 Telef: +239 2243700 E-mail: Webpage: www.bcstp.st S\u00e3o Tom\u00e9<\/p>\n","protected":false},"author":1,"featured_media":0,"parent":0,"menu_order":0,"comment_status":"closed","ping_status":"closed","template":"","meta":[],"_links":{"self":[{"href":"http:\/\/www.alfredoseca.st\/index.php?rest_route=\/wp\/v2\/pages\/167"}],"collection":[{"href":"http:\/\/www.alfredoseca.st\/index.php?rest_route=\/wp\/v2\/pages"}],"about":[{"href":"http:\/\/www.alfredoseca.st\/index.php?rest_route=\/wp\/v2\/types\/page"}],"author":[{"embeddable":true,"href":"http:\/\/www.alfredoseca.st\/index.php?rest_route=\/wp\/v2\/users\/1"}],"replies":[{"embeddable":true,"href":"http:\/\/www.alfredoseca.st\/index.php?rest_route=%2Fwp%2Fv2%2Fcomments&post=167"}],"version-history":[{"count":16,"href":"http:\/\/www.alfredoseca.st\/index.php?rest_route=\/wp\/v2\/pages\/167\/revisions"}],"predecessor-version":[{"id":173,"href":"http:\/\/www.alfredoseca.st\/index.php?rest_route=\/wp\/v2\/pages\/167\/revisions\/173"}],"wp:attachment":[{"href":"http:\/\/www.alfredoseca.st\/index.php?rest_route=%2Fwp%2Fv2%2Fmedia&parent=167"}],"curies":[{"name":"wp","href":"https:\/\/api.w.org\/{rel}","templated":true}]}}

<p>==PESSOAL==</p>
<p>Bairro de Chácara, 063<br />
Distrito de Água Grande &#8211; São Tomé<br />
Telem: +239 9926352<br />
E-mail: <a href="alfredoseca@hotmail.com"><br />
</a>Webpage: www.alfredoseca.st</p>
<p>==PROFISSIONAL==</p>
<p>Banco Central de São Tomé e Príncipe<br />
Praça de Independência, 13<br />
Telef: +239 2243700<br />
E-mail: <a href="alfredoseca@bcstp.st"><br />
</a>Webpage: www.bcstp.st<br />
São Tomé</p>

<p>==PESSOAL== Bairro de Chácara, 063 Distrito de Água Grande &#8211; São Tomé Telem: +239 9926352 E-mail: Webpage: www.alfredoseca.st ==PROFISSIONAL== Banco Central de São Tomé e Príncipe Praça de Independência, 13 Telef: +239 2243700 E-mail: Webpage: www.bcstp.st São Tomé</p>
